?
37
Calculate the highest common factor of 269 and 124547.
269
What is the highest common factor of 104 and 182?
26
Calculate the greatest common factor of 51840 and 120.
120
What is the highest common divisor of 4 and 128?
4
Calculate the highest common divisor of 210 and 154.
14
Calculate the highest common divisor of 13 and 32.
1
Calculate the greatest common divisor of 80 and 70.
10
What is the greatest common divisor of 72 and 126?
18
Calculate the highest common factor of 28 and 14938.
14
Calculate the greatest common divisor of 388 and 291.
97
Calculate the highest common divisor of 20 and 10.
10
Calculate the greatest common factor of 176 and 64.
16
What is the greatest common divisor of 90 and 288?
18
Calculate the greatest common factor of 225 and 18.
9
Calculate the highest common factor of 106 and 371.
53
What is the highest common factor of 18 and 54?
18
What is the highest common divisor of 26 and 5954?
26
Calculate the greatest common divisor of 610 and 10.
10
Calculate the highest common divisor of 1 and 625.
1
Calculate the highest common factor of 2645 and 5.
5
What is the greatest common factor of 595 and 34?
17
Calculate the highest common divisor of 564 and 96.
12
Calculate the highest common divisor of 243 and 216.
27
What is the highest common factor of 297 and 135?
27
What is the highest common divisor of 65 and 65?
65
Calculate the highest common divisor of 530 and 20.
10
What is the greatest common divisor of 87 and 9599?
29
Calculate the highest common divisor of 153 and 255.
51
What is the highest common divisor of 87 and 232?
29
What is the highest common divisor of 39 and 351?
39
What is the greatest common factor of 90 and 7515?
45
Calculate the greatest common divisor of 36 and 1452.
12
Calculate the greatest common divisor of 3438 and 252.
18
Calculate the highest common divisor of 901 and 51.
17
What is the greatest common divisor of 162 and 126?
18
What is the greatest common divisor of 278 and 3058?
278
Calculate the highest common factor of 155 and 93.
31
Calculate the greatest common divisor of 10166 and 1495.
299
What is the greatest common factor of 1479 and 561?
51
Calculate the greatest common factor of 184 and 46.
46
What is the highest common divisor of 6178 and 2?
2
Calculate the highest common divisor of 3534 and 24.
6
What is the greatest common divisor of 20 and 4?
4
Calculate the highest common factor of 8 and 344.
8
Calculate the greatest common factor of 134 and 6901.
67
What is the highest common factor of 30 and 130?
10
What is the greatest common divisor of 8 and 8696?
8
Calculate the highest common divisor of 8967 and 147.
147
What is the greatest common factor of 831 and 16897?
277
What is the highest common divisor of 17 and 2057?
17
What is the highest common divisor of 37 and 333?
37
What is the greatest common factor of 5014 and 184?
46
What is the highest common divisor of 40960 and 20?
20
Calculate the highest common divisor of 10 and 7430.
10
Calculate the greatest common divisor of 51 and 3043.
17
What is the greatest common divisor of 112 and 42?
14
Calculate the highest common factor of 97 and 1843.
97
What is the greatest common factor of 22 and 550?
22
What is the greatest common divisor of 105 and 75?
15
Calculate the highest common factor of 6140 and 40.
20
What is the highest common factor of 24 and 1140?
12
Calculate the greatest common divisor of 1152 and 624.
48
Calculate the greatest common divisor of 78 and 858.
78
What is the highest common divisor of 22 and 385?
11
Calculate the greatest common factor of 112 and 742.
14
Calculate the greatest common divisor of 55 and 2915.
55
Calculate the highest common divisor of 14 and 182.
14
What is the highest common divisor of 116 and 87?
29
What is the highest common divisor of 13 and 1248?
13
Calculate the highest common divisor of 540 and 1920.
60
Calculate the greatest common factor of 1133 and 8343.
103
Calculate the greatest common divisor of 12 and 9012.
12
What is the greatest common divisor of 400 and 25?
25
Calculate the greatest common divisor of 1 and 389.
1
Calculate the highest common factor of 990 and 10.
10
What is the greatest common divisor of 108 and 81?
27
What is the highest common factor of 525 and 42?
21
What is the highest common factor of 2050 and 210?
10
What is the greatest common factor of 32 and 160?
32
What is the greatest common factor of 481 and 37?
37
What is the highest common factor of 405 and 4320?
135
What is the greatest common divisor of 192 and 18624?
192
What is the highest common divisor of 22 and 121?
11
What is the greatest common divisor of 12 and 102?
6
Calculate the greatest common divisor of 138 and 184.
46
What is the greatest common factor of 168 and 48?
24
Calculate the highest common divisor of 72 and 408.
24
What is the highest common divisor of 74 and 16?
2
Calculate the greatest common divisor of 26 and 28509.
13
What is the highest common divisor of 158 and 79?
79
What is the greatest common divisor of 63 and 1953?
63
Calculate the greatest common factor of 960 and 15.
15
What is the highest common divisor of 19990 and 10?
10
Calculate the highest common factor of 15 and 6645.
15
Calculate the greatest common divisor of 60 and 15.
15
Calculate the greatest common divisor of 20 and 2920.
20
Calculate the highest common factor of 56 and 581.
7
What is the greatest common divisor of 891 and 33?
33
What is the greatest common divisor of 5289 and 516?
129
What is the greatest common factor of 33702 and 82?
82
What is the greatest common divisor of 12 and 16?
4
Calculate the greatest common divisor of 50 and 470.
10
Calculate the highest common divisor of 156 and 1092.
156
Calculate the greatest common divisor of 39 and 169.
13
What is the highest common factor of 1872 and 1144?
104
What is the greatest common divisor of 18 and 738?
18
What is the highest common factor of 66 and 89364?
66
Calculate the highest common factor of 31700 and 200.
100
Calculate the greatest common divisor of 206 and 7725.
103
What is the highest common factor of 3890 and 10?
10
What is the highest common divisor of 4455 and 162?
81
What is the greatest common divisor of 162 and 2214?
54
Calculate the greatest common divisor of 71297 and 83.
83
What is the highest common factor of 740 and 140?
20
What is the highest common factor of 2470 and 910?
130
Calculate the greatest common factor of 25 and 380.
5
Calculate the greatest common divisor of 114 and 22040.
38
What is the greatest common factor of 558 and 144?
18
What is the greatest common divisor of 53 and 10600?
53
Calculate the greatest common factor of 226 and 10.
2
Calculate the greatest common divisor of 5093 and 22.
11
What is the highest common factor of 3 and 2721?
3
What is the greatest common divisor of 26 and 47996?
26
What is the highest common divisor of 10 and 1190?
10
What is the greatest common factor of 336 and 48?
48
Calculate the highest common factor of 3225 and 30.
15
What is the greatest common factor of 60 and 510?
30
Calculate the greatest common factor of 58 and 203.
29
Calculate the highest common factor of 184 and 23.
23
What is the highest common divisor of 133 and 56?
7
What is the highest common divisor of 832 and 676?
52
What is the highest common divisor of 1358 and 14?
14
What is the greatest common divisor of 558 and 36?
18
What is the highest common divisor of 216 and 8?
8
What is the highest common factor of 14 and 33838?
14
What is the highest common factor of 6 and 687?
3
Calculate the highest common factor of 10359 and 63.
9
What is the highest common divisor of 792 and 198?
198
Calculate the greatest common factor of 105 and 420.
105
What is the greatest common factor of 118 and 944?
118
Calculate the greatest common factor of 2 and 332.
2
Calculate the highest common factor of 123 and 5248.
41
Calculate the highest common factor of 27 and 3618.
27
What is the highest common factor of 952 and 544?
136
What is the highest common divisor of 1155 and 585?
15
Calculate the greatest common factor of 1515 and 3.
3
What is the highest common divisor of 4731 and 114?
57
Calculate the highest common factor of 4312 and 1386.
154
Calculate the highest common factor of 128 and 8.
8
Calculate the greatest common fac